{"id":255,"date":"2024-12-22T01:02:52","date_gmt":"2024-12-21T22:02:52","guid":{"rendered":"https:\/\/emircanlarpetrol.com\/?page_id=255"},"modified":"2025-04-09T02:50:27","modified_gmt":"2025-04-08T23:50:27","slug":"cerez-politikasi","status":"publish","type":"page","link":"https:\/\/emircanlarpetrol.com\/?page_id=255","title":{"rendered":"\u00c7erez Politikas\u0131"},"content":{"rendered":"\n<h3 class=\"wp-block-heading has-ast-global-color-1-color has-text-color has-link-color wp-elements-e10fd70f49415e6801e6e53f1b98e366\">\u00c7EREZ POL\u0130T\u0130KASI 1.0<\/h3>\n\n\n\n<p><strong>Y\u00fcr\u00fcrl\u00fck Tarihi: [09.04.2025]<\/strong><\/p>\n\n\n\n<p><strong>Emircanlar Petrol \u0130n\u015f. G\u0131da Tur. San. ve Tic. Ltd. \u015eti.<\/strong> (\u201c<strong>Emircanlar Petrol<\/strong>\u201d) olarak, web sitemizi ziyaret eden kullan\u0131c\u0131lar\u0131m\u0131za daha iyi bir deneyim sunmak ve yasal y\u00fck\u00fcml\u00fcl\u00fcklerimizi yerine getirmek i\u00e7in \u00e7erez kullan\u0131yoruz. Bu politika, <a class=\"\" href=\"http:\/\/www.emircanlarpetrol.com.tr\">www.emircanlarpetrol.com.tr<\/a> adresli web sitemiz (bundan sonra <strong>Portal<\/strong> olarak an\u0131lacakt\u0131r) \u00fczerinden kulland\u0131\u011f\u0131m\u0131z \u00e7erezler hakk\u0131nda sizi bilgilendirir.<\/p>\n\n\n\n<h3 class=\"wp-block-heading has-ast-global-color-1-color has-text-color has-link-color wp-elements-19dbed64250b980ad08777d879ed3056\">1. \u00c7erez Nedir?<\/h3>\n\n\n\n<p>\u00c7erezler, ziyaret etti\u011finiz internet siteleri taraf\u0131ndan cihaz\u0131n\u0131za (\u00f6rne\u011fin bilgisayar, tablet veya ak\u0131ll\u0131 telefon) yerle\u015ftirilen k\u00fc\u00e7\u00fck metin dosyalar\u0131d\u0131r. Bu dosyalar sayesinde web sitesi, sizi tan\u0131yabilir ve tercihlerinizi hat\u0131rlayabilir. B\u00f6ylece deneyiminiz ki\u015fiselle\u015ftirilmi\u015f hale gelir.<\/p>\n\n\n\n<hr class=\"wp-block-separator has-alpha-channel-opacity\"\/>\n\n\n\n<h3 class=\"wp-block-heading has-ast-global-color-1-color has-text-color has-link-color wp-elements-fb1a2f7727ddb52c7ce69a4ec5f2b61a\">2. \u00c7erezleri Nas\u0131l Kullan\u0131yoruz?<\/h3>\n\n\n\n<p>Ziyaretiniz s\u0131ras\u0131nda taray\u0131c\u0131n\u0131z, bizimle veya \u00fc\u00e7\u00fcnc\u00fc taraf hizmet sa\u011flay\u0131c\u0131larla veri al\u0131\u015fveri\u015fi yapar. Bu ileti\u015fim sayesinde \u00e7erezler cihaz\u0131n\u0131za yerle\u015fir. Ayr\u0131ca baz\u0131 \u00e7erezler, sosyal medya platformlar\u0131 (\u00f6rne\u011fin Facebook, Twitter) taraf\u0131ndan sa\u011flanabilir.<\/p>\n\n\n\n<p>Bu \u00e7erezler sayesinde:<\/p>\n\n\n\n<ul class=\"wp-block-list\">\n<li>Sitenin teknik olarak sorunsuz \u00e7al\u0131\u015fmas\u0131n\u0131 sa\u011fl\u0131yoruz.<\/li>\n\n\n\n<li>Ziyaret\u00e7i davran\u0131\u015flar\u0131n\u0131 analiz ediyoruz.<\/li>\n\n\n\n<li>Tercihlerinizi hat\u0131rl\u0131yor ve deneyiminizi geli\u015ftiriyoruz.<\/li>\n<\/ul>\n\n\n\n<hr class=\"wp-block-separator has-alpha-channel-opacity\"\/>\n\n\n\n<h3 class=\"wp-block-heading has-ast-global-color-1-color has-text-color has-link-color wp-elements-d60bed0ccf32ed0341989b61708ac711\">3. \u00c7erez T\u00fcrleri ve Ama\u00e7lar\u0131<\/h3>\n\n\n\n<p>A\u015fa\u011f\u0131da yer alan \u00e7erez t\u00fcrleri, hem sizin deneyiminizi iyile\u015ftirir hem de sitenin performans\u0131n\u0131 art\u0131r\u0131r:<\/p>\n\n\n\n<h4 class=\"wp-block-heading has-ast-global-color-3-color has-text-color has-link-color wp-elements-5e7ae93429ac38002a561b45e3df32b4\">\ud83d\udd39 Zorunlu \u00c7erezler<\/h4>\n\n\n\n<p>Bu \u00e7erezler, sitenin temel i\u015flevlerini yerine getirmesini sa\u011flar. Onlar\u0131 devre d\u0131\u015f\u0131 b\u0131rakman\u0131z halinde site baz\u0131 i\u015flevlerini kaybedebilir.<\/p>\n\n\n\n<h4 class=\"wp-block-heading has-ast-global-color-3-color has-text-color has-link-color wp-elements-4235aa96e4b4e2c050442d8d92eb70a6\">\ud83d\udd39 Oturum \u00c7erezleri<\/h4>\n\n\n\n<p>Taray\u0131c\u0131 oturumunuz boyunca aktif kal\u0131r. Sayfadan ayr\u0131ld\u0131\u011f\u0131n\u0131zda otomatik olarak silinir.<\/p>\n\n\n\n<h4 class=\"wp-block-heading has-ast-global-color-3-color has-text-color has-link-color wp-elements-96d89f8643769242aded9481f4c0c61b\">\ud83d\udd39 Kal\u0131c\u0131 \u00c7erezler<\/h4>\n\n\n\n<p>Cihaz\u0131n\u0131zda belirli bir s\u00fcre boyunca kal\u0131r. B\u00f6ylece site, sizi bir sonraki ziyaretinizde de tan\u0131yabilir.<\/p>\n\n\n\n<h4 class=\"wp-block-heading has-ast-global-color-3-color has-text-color has-link-color wp-elements-2436f8c872bd7e6003935cc549de8f3a\">\ud83d\udd39 \u0130\u015flevsel ve Analitik \u00c7erezler<\/h4>\n\n\n\n<p>Kullan\u0131c\u0131 davran\u0131\u015flar\u0131n\u0131 anlamam\u0131za yard\u0131mc\u0131 olur. Ayr\u0131ca dil tercihi gibi bilgileri hat\u0131rlayarak kullan\u0131c\u0131 deneyimini iyile\u015ftirir.<\/p>\n\n\n\n<h4 class=\"wp-block-heading has-ast-global-color-3-color has-text-color has-link-color wp-elements-03859e6659aadfc635ad95441510e23e\">\ud83d\udd39 Sosyal Medya \u00c7erezleri<\/h4>\n\n\n\n<p>Facebook, Twitter ve YouTube gibi platformlardan gelen \u00e7erezlerdir. Sitenin sosyal medya etkile\u015fimini g\u00fc\u00e7lendirir.<\/p>\n\n\n\n<h4 class=\"wp-block-heading has-ast-global-color-3-color has-text-color has-link-color wp-elements-48fd6c90e1db112ea49ad45f39bba686\">\ud83d\udd39 Reklam ve Hedefleme \u00c7erezleri<\/h4>\n\n\n\n<p>Facebook Pixel gibi ara\u00e7lar arac\u0131l\u0131\u011f\u0131yla reklam performanslar\u0131n\u0131 analiz ederiz. Bu \u00e7erezler, hedef kitlelerin davran\u0131\u015flar\u0131n\u0131 anlamam\u0131za olanak tan\u0131r.<\/p>\n\n\n\n<hr class=\"wp-block-separator has-alpha-channel-opacity\"\/>\n\n\n\n<h3 class=\"wp-block-heading has-ast-global-color-1-color has-text-color has-link-color wp-elements-0997f6e59721897549e89c23a9190455\">4. \u00c7erezleri Y\u00f6netme Se\u00e7enekleriniz<\/h3>\n\n\n\n<p>Taray\u0131c\u0131 ayarlar\u0131n\u0131 de\u011fi\u015ftirerek \u00e7erezleri devre d\u0131\u015f\u0131 b\u0131rakabilir veya silebilirsiniz. Ancak, bu i\u015flemi yapt\u0131\u011f\u0131n\u0131zda baz\u0131 site fonksiyonlar\u0131 d\u00fczg\u00fcn \u00e7al\u0131\u015fmayabilir. <strong>Bu nedenle<\/strong>, \u00e7erezleri devre d\u0131\u015f\u0131 b\u0131rakmadan \u00f6nce olas\u0131 sonu\u00e7lar\u0131n\u0131 g\u00f6z \u00f6n\u00fcnde bulundurman\u0131z\u0131 \u00f6neririz.<\/p>\n\n\n\n<p><strong>Taray\u0131c\u0131 Bazl\u0131 Ayar Sayfalar\u0131:<\/strong><\/p>\n\n\n\n<ul class=\"wp-block-list\">\n<li><a class=\"\" href=\"https:\/\/support.google.com\/chrome\/answer\/95647\">Google Chrome<\/a><\/li>\n\n\n\n<li><a class=\"\" href=\"http:\/\/support.mozilla.com\/en-US\/kb\/Cookies\">Mozilla Firefox<\/a><\/li>\n\n\n\n<li><a class=\"\" href=\"https:\/\/support.apple.com\/kb\/ph19214?locale=tr_TR\">Safari<\/a><\/li>\n\n\n\n<li><a class=\"\" href=\"https:\/\/support.microsoft.com\/en-us\/help\/17442\/windows-internet-explorer-delete-manage-cookies\">Internet Explorer<\/a><\/li>\n\n\n\n<li><a class=\"\" href=\"http:\/\/www.opera.com\/browser\/tutorials\/security\/privacy\/\">Opera<\/a><\/li>\n<\/ul>\n\n\n\n<hr class=\"wp-block-separator has-alpha-channel-opacity\"\/>\n\n\n\n<h3 class=\"wp-block-heading has-ast-global-color-1-color has-text-color has-link-color wp-elements-db2c3f83e7089be2b75285998eabcd46\">5. Dijital G\u00fcvenli\u011finiz \u0130\u00e7in \u00d6neriler<\/h3>\n\n\n\n<p>G\u00fcvenli bir internet deneyimi i\u00e7in a\u015fa\u011f\u0131daki ad\u0131mlar\u0131 atman\u0131z faydal\u0131 olur:<\/p>\n\n\n\n<ul class=\"wp-block-list\">\n<li>Ki\u015fisel cihazlar\u0131n\u0131z\u0131 tercih edin.<\/li>\n\n\n\n<li>Cihaz\u0131n\u0131z\u0131n yaz\u0131l\u0131m ve g\u00fcvenlik g\u00fcncellemelerini yapmay\u0131 unutmay\u0131n.<\/li>\n\n\n\n<li>Lisansl\u0131 antivir\u00fcs yaz\u0131l\u0131mlar\u0131 kullan\u0131n.<\/li>\n\n\n\n<li>G\u00fc\u00e7l\u00fc ve karma\u015f\u0131k \u015fifreler belirleyin.<\/li>\n\n\n\n<li>\u015eifrelerinizi kimseyle payla\u015fmay\u0131n.<\/li>\n<\/ul>\n\n\n\n<hr class=\"wp-block-separator has-alpha-channel-opacity\"\/>\n\n\n\n<h3 class=\"wp-block-heading has-ast-global-color-1-color has-text-color has-link-color wp-elements-c8c26998b3b65a3feec55f80bc2591ee\">6. Ki\u015fisel Veriler ve KVKK<\/h3>\n\n\n\n<p>\u00c7erezler arac\u0131l\u0131\u011f\u0131yla toplanan ki\u015fisel verileri, <strong>6698 say\u0131l\u0131 Ki\u015fisel Verilerin Korunmas\u0131 Kanunu (KVKK)<\/strong> \u00e7er\u00e7evesinde i\u015fleriz. Kapsaml\u0131 bilgi i\u00e7in <a class=\"\">KVKK Ayd\u0131nlatma Metnimizi<\/a> inceleyebilirsiniz.<\/p>\n\n\n\n<hr class=\"wp-block-separator has-alpha-channel-opacity\"\/>\n\n\n\n<h3 class=\"wp-block-heading has-ast-global-color-1-color has-text-color has-link-color wp-elements-e9d44da93c9d8d664b0cdb38f0b06f89\">7. Politika G\u00fcncellemeleri<\/h3>\n\n\n\n<p>\u0130htiya\u00e7 duydu\u011fumuzda bu politikay\u0131 g\u00fcncelleriz. G\u00fcncellemeleri web sitemiz \u00fczerinden takip edebilirsiniz. <strong>Bununla birlikte<\/strong>, \u00f6nemli de\u011fi\u015fikliklerde kullan\u0131c\u0131lar\u0131m\u0131z\u0131 bilgilendirmeyi taahh\u00fct ediyoruz.<\/p>\n\n\n\n<hr class=\"wp-block-separator has-alpha-channel-opacity\"\/>\n\n\n\n<h3 class=\"wp-block-heading has-ast-global-color-1-color has-text-color has-link-color wp-elements-6339ea146366bd19f0f347eadcca62b0\">Ek Kaynaklar:<\/h3>\n\n\n\n<ul class=\"wp-block-list\">\n<li><a class=\"\" href=\"https:\/\/www.aboutcookies.org\/\">www.aboutcookies.org<\/a><\/li>\n\n\n\n<li><a class=\"\" href=\"https:\/\/www.allaboutcookies.org\/\">www.allaboutcookies.org<\/a><\/li>\n<\/ul>\n\n\n\n<hr class=\"wp-block-separator has-alpha-channel-opacity\"\/>\n\n\n\n<h3 class=\"wp-block-heading has-ast-global-color-1-color has-text-color has-link-color wp-elements-a6efa5712c33ad6d1d24389ad6af7e93\">Haz\u0131rlayan:<\/h3>\n\n\n\n<p><strong>Emircanlar Petrol \u2013 KVKK Sorumlusu<\/strong><br>\ud83d\udce7 <a class=\"\">kvkk@emircanlarpetrol.com.tr<\/a><\/p>\n\n\n\n<h3 class=\"wp-block-heading\">Haz\u0131rlayan:<\/h3>\n","protected":false},"excerpt":{"rendered":"<p>\u00c7EREZ POL\u0130T\u0130KASI 1.0 Y\u00fcr\u00fcrl\u00fck Tarihi: [09.04.2025] Emircanlar Petrol \u0130n\u015f. G\u0131da Tur. San. ve Tic. Ltd. \u015eti. (\u201cEmircanlar Petrol\u201d) olarak, web [&hellip;]<\/p>\n","protected":false},"author":2,"featured_media":389,"parent":0,"menu_order":0,"comment_status":"closed","ping_status":"closed","template":"","meta":{"site-sidebar-layout":"default","site-content-layout":"","ast-site-content-layout":"","site-content-style":"default","site-sidebar-style":"default","ast-global-header-display":"","ast-banner-title-visibility":"","ast-main-header-display":"","ast-hfb-above-header-display":"","ast-hfb-below-header-display":"","ast-hfb-mobile-header-display":"","site-post-title":"disabled","ast-breadcrumbs-content":"","ast-featured-img":"disabled","footer-sml-layout":"","theme-transparent-header-meta":"","adv-header-id-meta":"","stick-header-meta":"","header-above-stick-meta":"","header-main-stick-meta":"","header-below-stick-meta":"","astra-migrate-meta-layouts":"default","ast-page-background-enabled":"default","ast-page-background-meta":{"desktop":{"background-color":"var(--ast-global-color-4)","background-image":"","background-repeat":"repeat","background-position":"center center","background-size":"auto","background-attachment":"scroll","background-type":"","background-media":"","overlay-type":"","overlay-color":"","overlay-opacity":"","overlay-gradient":""},"tablet":{"background-color":"","background-image":"","background-repeat":"repeat","background-position":"center center","background-size":"auto","background-attachment":"scroll","background-type":"","background-media":"","overlay-type":"","overlay-color":"","overlay-opacity":"","overlay-gradient":""},"mobile":{"background-color":"","background-image":"","background-repeat":"repeat","background-position":"center center","background-size":"auto","background-attachment":"scroll","background-type":"","background-media":"","overlay-type":"","overlay-color":"","overlay-opacity":"","overlay-gradient":""}},"ast-content-background-meta":{"desktop":{"background-color":"var(--ast-global-color-5)","background-image":"","background-repeat":"repeat","background-position":"center center","background-size":"auto","background-attachment":"scroll","background-type":"","background-media":"","overlay-type":"","overlay-color":"","overlay-opacity":"","overlay-gradient":""},"tablet":{"background-color":"var(--ast-global-color-5)","background-image":"","background-repeat":"repeat","background-position":"center center","background-size":"auto","background-attachment":"scroll","background-type":"","background-media":"","overlay-type":"","overlay-color":"","overlay-opacity":"","overlay-gradient":""},"mobile":{"background-color":"var(--ast-global-color-5)","background-image":"","background-repeat":"repeat","background-position":"center center","background-size":"auto","background-attachment":"scroll","background-type":"","background-media":"","overlay-type":"","overlay-color":"","overlay-opacity":"","overlay-gradient":""}},"footnotes":""},"class_list":["post-255","page","type-page","status-publish","has-post-thumbnail","hentry"],"yoast_head":"<!-- This site is optimized with the Yoast SEO plugin v26.5 - https:\/\/yoast.com\/wordpress\/plugins\/seo\/ -->\n<title>\u00c7erez Politikas\u0131 - Emircanlar Petrol<\/title>\n<meta name=\"description\" content=\"Emircanlar Petrol, \u0130zmir akaryak\u0131t fiyatlar\u0131 bilgileri sunarken \u00e7erezler ile deneyiminizi ki\u015fiselle\u015ftirir ve geli\u015ftirir.\" \/>\n<meta name=\"robots\" content=\"index, follow, max-snippet:-1, max-image-preview:large, max-video-preview:-1\" \/>\n<link rel=\"canonical\" href=\"https:\/\/emircanlarpetrol.com\/?page_id=255\" \/>\n<meta property=\"og:locale\" content=\"tr_TR\" \/>\n<meta property=\"og:type\" content=\"article\" \/>\n<meta property=\"og:title\" content=\"emircanlar-petrol\" \/>\n<meta property=\"og:description\" content=\"Emircanlar Petrol, \u0130zmir akaryak\u0131t fiyatlar\u0131 bilgileri sunarken \u00e7erezler ile deneyiminizi ki\u015fiselle\u015ftirir ve geli\u015ftirir.\" \/>\n<meta property=\"og:url\" content=\"https:\/\/emircanlarpetrol.com\/?page_id=255\" \/>\n<meta property=\"og:site_name\" content=\"Emircanlar Petrol\" \/>\n<meta property=\"article:modified_time\" content=\"2025-04-08T23:50:27+00:00\" \/>\n<meta property=\"og:image\" content=\"https:\/\/emircanlarpetrol.com\/wp-content\/uploads\/2025\/04\/Untitled-36.png\" \/>\n\t<meta property=\"og:image:width\" content=\"1080\" \/>\n\t<meta property=\"og:image:height\" content=\"1080\" \/>\n\t<meta property=\"og:image:type\" content=\"image\/png\" \/>\n<meta name=\"twitter:card\" content=\"summary_large_image\" \/>\n<meta name=\"twitter:label1\" content=\"Tahmini okuma s\u00fcresi\" \/>\n\t<meta name=\"twitter:data1\" content=\"3 dakika\" \/>\n<script type=\"application\/ld+json\" class=\"yoast-schema-graph\">{\"@context\":\"https:\/\/schema.org\",\"@graph\":[{\"@type\":\"WebPage\",\"@id\":\"https:\/\/emircanlarpetrol.com\/?page_id=255\",\"url\":\"https:\/\/emircanlarpetrol.com\/?page_id=255\",\"name\":\"\u00c7erez Politikas\u0131 - Emircanlar Petrol\",\"isPartOf\":{\"@id\":\"https:\/\/emircanlarpetrol.com\/#website\"},\"primaryImageOfPage\":{\"@id\":\"https:\/\/emircanlarpetrol.com\/?page_id=255#primaryimage\"},\"image\":{\"@id\":\"https:\/\/emircanlarpetrol.com\/?page_id=255#primaryimage\"},\"thumbnailUrl\":\"https:\/\/emircanlarpetrol.com\/wp-content\/uploads\/2025\/04\/Untitled-36.png\",\"datePublished\":\"2024-12-21T22:02:52+00:00\",\"dateModified\":\"2025-04-08T23:50:27+00:00\",\"description\":\"Emircanlar Petrol, \u0130zmir akaryak\u0131t fiyatlar\u0131 bilgileri sunarken \u00e7erezler ile deneyiminizi ki\u015fiselle\u015ftirir ve geli\u015ftirir.\",\"breadcrumb\":{\"@id\":\"https:\/\/emircanlarpetrol.com\/?page_id=255#breadcrumb\"},\"inLanguage\":\"tr\",\"potentialAction\":[{\"@type\":\"ReadAction\",\"target\":[\"https:\/\/emircanlarpetrol.com\/?page_id=255\"]}]},{\"@type\":\"ImageObject\",\"inLanguage\":\"tr\",\"@id\":\"https:\/\/emircanlarpetrol.com\/?page_id=255#primaryimage\",\"url\":\"https:\/\/emircanlarpetrol.com\/wp-content\/uploads\/2025\/04\/Untitled-36.png\",\"contentUrl\":\"https:\/\/emircanlarpetrol.com\/wp-content\/uploads\/2025\/04\/Untitled-36.png\",\"width\":1080,\"height\":1080,\"caption\":\"emircanlar-petrol-cerez-politikasi,\"},{\"@type\":\"BreadcrumbList\",\"@id\":\"https:\/\/emircanlarpetrol.com\/?page_id=255#breadcrumb\",\"itemListElement\":[{\"@type\":\"ListItem\",\"position\":1,\"name\":\"Anasayfa\",\"item\":\"https:\/\/emircanlarpetrol.com\/\"},{\"@type\":\"ListItem\",\"position\":2,\"name\":\"\u00c7erez Politikas\u0131\"}]},{\"@type\":\"WebSite\",\"@id\":\"https:\/\/emircanlarpetrol.com\/#website\",\"url\":\"https:\/\/emircanlarpetrol.com\/\",\"name\":\"Emircanlar Petrol\",\"description\":\"\u0130zmir&#039;in sevilen akaryak\u0131t istasyonu!\",\"publisher\":{\"@id\":\"https:\/\/emircanlarpetrol.com\/#organization\"},\"potentialAction\":[{\"@type\":\"SearchAction\",\"target\":{\"@type\":\"EntryPoint\",\"urlTemplate\":\"https:\/\/emircanlarpetrol.com\/?s={search_term_string}\"},\"query-input\":{\"@type\":\"PropertyValueSpecification\",\"valueRequired\":true,\"valueName\":\"search_term_string\"}}],\"inLanguage\":\"tr\"},{\"@type\":\"Organization\",\"@id\":\"https:\/\/emircanlarpetrol.com\/#organization\",\"name\":\"Emircanlar Petrol\",\"url\":\"https:\/\/emircanlarpetrol.com\/\",\"logo\":{\"@type\":\"ImageObject\",\"inLanguage\":\"tr\",\"@id\":\"https:\/\/emircanlarpetrol.com\/#\/schema\/logo\/image\/\",\"url\":\"https:\/\/emircanlarpetrol.com\/wp-content\/uploads\/2026\/04\/cropped-logo.png\",\"contentUrl\":\"https:\/\/emircanlarpetrol.com\/wp-content\/uploads\/2026\/04\/cropped-logo.png\",\"width\":300,\"height\":100,\"caption\":\"Emircanlar Petrol\"},\"image\":{\"@id\":\"https:\/\/emircanlarpetrol.com\/#\/schema\/logo\/image\/\"}}]}<\/script>\n<!-- \/ Yoast SEO plugin. -->","yoast_head_json":{"title":"\u00c7erez Politikas\u0131 - Emircanlar Petrol","description":"Emircanlar Petrol, \u0130zmir akaryak\u0131t fiyatlar\u0131 bilgileri sunarken \u00e7erezler ile deneyiminizi ki\u015fiselle\u015ftirir ve geli\u015ftirir.","robots":{"index":"index","follow":"follow","max-snippet":"max-snippet:-1","max-image-preview":"max-image-preview:large","max-video-preview":"max-video-preview:-1"},"canonical":"https:\/\/emircanlarpetrol.com\/?page_id=255","og_locale":"tr_TR","og_type":"article","og_title":"emircanlar-petrol","og_description":"Emircanlar Petrol, \u0130zmir akaryak\u0131t fiyatlar\u0131 bilgileri sunarken \u00e7erezler ile deneyiminizi ki\u015fiselle\u015ftirir ve geli\u015ftirir.","og_url":"https:\/\/emircanlarpetrol.com\/?page_id=255","og_site_name":"Emircanlar Petrol","article_modified_time":"2025-04-08T23:50:27+00:00","og_image":[{"width":1080,"height":1080,"url":"https:\/\/emircanlarpetrol.com\/wp-content\/uploads\/2025\/04\/Untitled-36.png","type":"image\/png"}],"twitter_card":"summary_large_image","twitter_misc":{"Tahmini okuma s\u00fcresi":"3 dakika"},"schema":{"@context":"https:\/\/schema.org","@graph":[{"@type":"WebPage","@id":"https:\/\/emircanlarpetrol.com\/?page_id=255","url":"https:\/\/emircanlarpetrol.com\/?page_id=255","name":"\u00c7erez Politikas\u0131 - Emircanlar Petrol","isPartOf":{"@id":"https:\/\/emircanlarpetrol.com\/#website"},"primaryImageOfPage":{"@id":"https:\/\/emircanlarpetrol.com\/?page_id=255#primaryimage"},"image":{"@id":"https:\/\/emircanlarpetrol.com\/?page_id=255#primaryimage"},"thumbnailUrl":"https:\/\/emircanlarpetrol.com\/wp-content\/uploads\/2025\/04\/Untitled-36.png","datePublished":"2024-12-21T22:02:52+00:00","dateModified":"2025-04-08T23:50:27+00:00","description":"Emircanlar Petrol, \u0130zmir akaryak\u0131t fiyatlar\u0131 bilgileri sunarken \u00e7erezler ile deneyiminizi ki\u015fiselle\u015ftirir ve geli\u015ftirir.","breadcrumb":{"@id":"https:\/\/emircanlarpetrol.com\/?page_id=255#breadcrumb"},"inLanguage":"tr","potentialAction":[{"@type":"ReadAction","target":["https:\/\/emircanlarpetrol.com\/?page_id=255"]}]},{"@type":"ImageObject","inLanguage":"tr","@id":"https:\/\/emircanlarpetrol.com\/?page_id=255#primaryimage","url":"https:\/\/emircanlarpetrol.com\/wp-content\/uploads\/2025\/04\/Untitled-36.png","contentUrl":"https:\/\/emircanlarpetrol.com\/wp-content\/uploads\/2025\/04\/Untitled-36.png","width":1080,"height":1080,"caption":"emircanlar-petrol-cerez-politikasi,"},{"@type":"BreadcrumbList","@id":"https:\/\/emircanlarpetrol.com\/?page_id=255#breadcrumb","itemListElement":[{"@type":"ListItem","position":1,"name":"Anasayfa","item":"https:\/\/emircanlarpetrol.com\/"},{"@type":"ListItem","position":2,"name":"\u00c7erez Politikas\u0131"}]},{"@type":"WebSite","@id":"https:\/\/emircanlarpetrol.com\/#website","url":"https:\/\/emircanlarpetrol.com\/","name":"Emircanlar Petrol","description":"\u0130zmir&#039;in sevilen akaryak\u0131t istasyonu!","publisher":{"@id":"https:\/\/emircanlarpetrol.com\/#organization"},"potentialAction":[{"@type":"SearchAction","target":{"@type":"EntryPoint","urlTemplate":"https:\/\/emircanlarpetrol.com\/?s={search_term_string}"},"query-input":{"@type":"PropertyValueSpecification","valueRequired":true,"valueName":"search_term_string"}}],"inLanguage":"tr"},{"@type":"Organization","@id":"https:\/\/emircanlarpetrol.com\/#organization","name":"Emircanlar Petrol","url":"https:\/\/emircanlarpetrol.com\/","logo":{"@type":"ImageObject","inLanguage":"tr","@id":"https:\/\/emircanlarpetrol.com\/#\/schema\/logo\/image\/","url":"https:\/\/emircanlarpetrol.com\/wp-content\/uploads\/2026\/04\/cropped-logo.png","contentUrl":"https:\/\/emircanlarpetrol.com\/wp-content\/uploads\/2026\/04\/cropped-logo.png","width":300,"height":100,"caption":"Emircanlar Petrol"},"image":{"@id":"https:\/\/emircanlarpetrol.com\/#\/schema\/logo\/image\/"}}]}},"jetpack_sharing_enabled":true,"_links":{"self":[{"href":"https:\/\/emircanlarpetrol.com\/index.php?rest_route=\/wp\/v2\/pages\/255","targetHints":{"allow":["GET"]}}],"collection":[{"href":"https:\/\/emircanlarpetrol.com\/index.php?rest_route=\/wp\/v2\/pages"}],"about":[{"href":"https:\/\/emircanlarpetrol.com\/index.php?rest_route=\/wp\/v2\/types\/page"}],"author":[{"embeddable":true,"href":"https:\/\/emircanlarpetrol.com\/index.php?rest_route=\/wp\/v2\/users\/2"}],"replies":[{"embeddable":true,"href":"https:\/\/emircanlarpetrol.com\/index.php?rest_route=%2Fwp%2Fv2%2Fcomments&post=255"}],"version-history":[{"count":7,"href":"https:\/\/emircanlarpetrol.com\/index.php?rest_route=\/wp\/v2\/pages\/255\/revisions"}],"predecessor-version":[{"id":398,"href":"https:\/\/emircanlarpetrol.com\/index.php?rest_route=\/wp\/v2\/pages\/255\/revisions\/398"}],"wp:featuredmedia":[{"embeddable":true,"href":"https:\/\/emircanlarpetrol.com\/index.php?rest_route=\/wp\/v2\/media\/389"}],"wp:attachment":[{"href":"https:\/\/emircanlarpetrol.com\/index.php?rest_route=%2Fwp%2Fv2%2Fmedia&parent=255"}],"curies":[{"name":"wp","href":"https:\/\/api.w.org\/{rel}","templated":true}]}}